common divisor of c and 1?
1
Suppose 0*p - 2*g + 212 = 5*p, 4*g = -p + 28. Suppose q = s + 16, -5*q + 12 + p = 3*s. Calculate the greatest common divisor of q and 117.
13
Let d = 1 + -7. Let m(s) = -s**2 - 10*s - 6. Let o be m(d). Let q be (2 - 0)/(5 + -4). What is the greatest common divisor of o and q?
2
Let w(n) = 8*n**2 + 3*n. Let x be w(-2). What is the greatest common divisor of x and 65?
13
Let m = 10 + -4. Calculate the highest common divisor of 6 and m.
6
Let r be 115/10 - (-6)/(-4). Let x(v) = -v**3 + 8*v**2 + 13*v + 4. Let n be x(9). What is the greatest common divisor of n and r?
10
Suppose 0 = -2*f + 2*o - 3*o + 2, 0 = 3*f - 5*o - 16. Suppose -7*n = -6*n - 2*u - 32, -3*u = 15. What is the highest common factor of f and n?
2
Let j be (-10)/((18/57)/(-3)). What is the highest common factor of j and 19?
19
Let w = 22 - 12. Let n(d) = -d**2 + 6*d - 4. Let l be n(4). Suppose -z - 45 = -l*z. Calculate the greatest common factor of z and w.
5
Let c(y) = y**2 - 7*y + 5. Let r be c(7). Suppose 4*q - r*l - 206 = 0, 222 = 6*q - 2*q + 3*l. Calculate the highest common factor of 6 and q.
6
Let j = -9 - -24. Let w be 550/j + (-2)/3. Calculate the highest common divisor of w and 12.
12
Let q(o) = o**3 + 0 + 6*o**2 + 6 - 3*o - 2*o**3. Let l be q(6). Let d be 3/(3*(-2)/l). Calculate the greatest common divisor of 2 and d.
2
Suppose 4*b - 2 = 10. Suppose -13 = 2*w - 3*w - 2*p, -3*p + 30 = b*w. What is the highest common factor of w and 21?
7
Suppose 3*b = 6 - 0. Suppose 170 = -b*a - 3*a. Let x = a - -59. Calculate the highest common factor of 10 and x.
5
Let j = 6 + 54. Calculate the highest common divisor of j and 15.
15
Let z(i) = i**2 - 6*i + 12. Let y be z(7). Suppose -2*o = -29 - y. What is the highest common divisor of 12 and o?
12
Suppose -5*x = 4*b - 45, -b + 5*x = b - 15. Let j = 131 + -51. What is the highest common divisor of j and b?
10
Let z = -39 + 74. What is the greatest common divisor of 5 and z?
5
Let n be (-33)/(-22)*8/6. Suppose n*x - 5*t - 52 = 0, 32 = x - 2*t + t. Calculate the highest common factor of x and 90.
18
Let c(y) = -18*y + 4. Let o(w) = w**3 + 2*w**2 + 2*w + 2. Let b be o(-2). Let n be c(b). Calculate the highest common divisor of 20 and n.
20
Let y(j) be the first derivative of -j**4/4 - 14*j**3/3 - 9*j**2 - 9*j - 2. Let g be y(-13). What is the greatest common factor of g and 8?
8
Suppose -5*g + 146 = 2*b, -3*g + 2*b + 49 = -29. What is the greatest common divisor of 7 and g?
7
Let s = 59 + -34. What is the greatest common factor of s and 225?
25
Suppose 0 = 7*q - 215 - 100. Calculate the highest common factor of q and 9.
9
Suppose -2*u = 2*c - 98, 3*u - 225 = -2*u - c. Let p = -27 + 38. Calculate the highest common divisor of u and p.
11
Let k(l) = l**2 - 9*l + 12. Let r be k(5). Let s(t) = t**2 + 6*t - 10. Let u be s(r). Calculate the greatest common factor of 18 and u.
6
Let i be (4/(-3))/((-4)/6). Let q be (-89)/(-6) - (-15)/90. Let s be q*(i/3 - 0). What is the highest common divisor of s and 2?
2
Suppose -87 = -2*b + 39. Calculate the highest common divisor of 21 and b.
21
Let n be ((-275)/(-5))/(1/2). Calculate the greatest common factor of 10 and n.
10
Suppose 8 = -f + 32. Calculate the highest common divisor of f and 108.
12
Let c be 2004/18 - ((-10)/6 + 1). Calculate the highest common divisor of c and 28.
28
Let g(c) = -c**2 - 4*c + 4 - c + c. Let d be 2/(((-9)/(-6))/(-3)). Let z be g(d). What is the greatest common divisor of 4 and z?
4
Suppose x = 3*x + 5*n - 31, 2 = -x + n. Let g be 9 - 2*(-2 + x). Let p be (-1)/(-2) + (-69)/(-2). What is the highest common factor of g and p?
7
Suppose -3*s - 57 = 3*n, 2*s + 3*s + 35 = -n. Let y be 10/15*n/(-2). What is the greatest common factor of 55 and y?
5
Let z(b) be the second derivative of -b**3/6 - 7*b. Let x be z(-5). Let l = 2 - -13. Calculate the greatest common divisor of x and l.
5
Suppose 0 = 2*b - 62 + 22. Let l(f) = 4*f**2 + 14*f - 10. Let n be l(5). What is the greatest common factor of n and b?
20
Let w(g) = -g**3 + 5*g**2 + 2*g - 9. Let i be w(6). Let d(l) = 10*l + 3. Let z be d(8). Let v = i + z. Calculate the greatest common factor of v and 20.
10
Suppose -83 = -6*x + 85. Calculate the greatest common factor of 7 and x.
7
Let h = 60 - -16. Let g = 38 - 19. Calculate the highest common factor of h and g.
19
Let z = 22 - 15. Let a(o) = o**2 - 2*o - 13. Let r be a(z). Calculate the greatest common divisor of 33 and r.
11
Let l = -129 + 276. Calculate the greatest common factor of 21 and l.
21
Let o = -83 - -121. Suppose 3 = 2*c - 2*t - 37, -5*c + t = -96. Calculate the highest common divisor of c and o.
19
Suppose 2*g = 5*r - 7 - 25, 2*r - 3*g = 4. Let t = r - 20. Let y be -9*(1 - t/(-9)). Calculate the highest common divisor of y and 27.
3
Let y = -2 - -2. Let v be (1 + 1)*2 - y. Calculate the highest common divisor of 44 and v.
4
Suppose 8 + 12 = 5*x. Suppose 72 = 2*d - x*y, d - 77 + 27 = -5*y. Let p be (-34)/(-4) + (-1)/2. What is the highest common divisor of p and d?
8
Let x(y) be the third derivative of y**4/24 - 7*y**3/6 + 2*y**2. Let q be x(8). Calculate the greatest common divisor of q and 1.
1
Let j(p) = p**3 + 10*p**2 + 13. Let w(d) = -6*d**3 - 50*d**2 - 65. Let u(g) = 11*j(g) + 2*w(g). Let v be u(10). What is the greatest common factor of 117 and v?
13
Let z be ((-8)/(-10))/((-4)/(-20)). Let i(u) = 1 + 28*u - z - 4. Let f be i(5). What is the greatest common divisor of f and 19?
19
Let y(c) be the second derivative of c**4/12 - 4*c**3/3 + 5*c**2 - 2*c. Let v be y(9). What is the highest common divisor of v and 152?
19
Let h = -83 - -48. Let u be 2/10 - 63/h. Suppose -5*g - b = -522, -g + 90 = u*b + 3*b. Calculate the greatest common factor of 15 and g.
15
Let t be 24/(-4)*(-1 + 0). Suppose -2*l = -t + 2. Let y be 15 + (5/10)/((-1)/(-6)). What is the highest common factor of l and y?
2
Let p(x) = 3*x - 13. Suppose 2*t = 4*u - 4, -4*u + 9*u - 2 = 3*t. Let h be p(t). Calculate the greatest common factor of h and 25.
5
Suppose 37*p = 39*p - 144. What is the greatest common factor of 9 and p?
9
Suppose 2 - 12 = -3*i + m, 0 = -5*i + 2*m + 18. Suppose 37 = c + 2*h, c - 23 = -i*h + 7*h. What is the greatest common factor of c and 3?
3
Let k = 161 - 113. Let q be -12 + 6 - 168/(-14). Calculate the greatest common divisor of q and k.
6
Let m = 127 - -60. What is the greatest common factor of 17 and m?
17
Suppose 72 = 2*w + w. What is the highest common divisor of 12 and w?
12
Let w be -2 + 5/2 - (-79)/2. Suppose -3*j + 2*h = 21, j + h + 20 = 6*h. Let t = 5 - j. What is the greatest common divisor of w and t?
10
Let c be 0*(-1 + 9/6). Suppose 4*n + c*n - 40 = 0. Calculate the greatest common divisor of 4 and n.
2
Let y = 7 + -5. Let l = y - -6. Let a(o) = -o**3 - 3*o**2 - o - 4. Let r be a(-4). Calculate the greatest common factor of r and l.
8
Suppose -3 = -3*b - 15. Let f = b - -5. Let q be 7 - 2/(0 - 2). Calculate the highest common divisor of q and f.
1
Let i(c) = -c**3 - 3*c**2 + 2*c - 4. Let g be i(-4). Suppose g*q = -4*t - q + 553, -2*t - 3*q = -279. What is the highest common factor of t and 12?
12
Let b(f) = -298*f**3 - 2*f**2 - 2*f - 1. Suppose -5*d + 2*t - 9 = 0, -t - 1 + 6 = -3*d. Let o be b(d). Calculate the highest common divisor of 27 and o.
27
Let p be 118 - (-2)/(-2) - 3. Suppose p = -2*b + b. Let u = b + 186. What is the greatest common factor of u and 9?
9
Suppose -9*i = -4*i - 20. What is the greatest common factor of i and 4?
4
Let b = -691 - -1021. What is the highest common factor of b and 30?
30
Let p be (-3)/(-2)*-2 - -48. Let d be 39/(-9) + (-2)/(-6). Let s be ((-6)/(-8))/(d/(-48)). Calculate the greatest common factor of p and s.
9
Suppose 36 + 0 = 4*b. Calculate the highest common factor of 9 and b.
9
Let q = -100 + 136. Calculate the greatest common divisor of q and 4.
4
Let l(m) = 41*m**2 - 4*m**2 + m + 0*m + 1 - 3*m**2. Let d be l(-2). Calculate the highest common divisor of 15 and d.
15
Suppose 48 = 3*d - 2*c, 16 = d - 0*d - 2*c. What is the highest common divisor of d and 8?
8
Let n = -18 + 20. What is the greatest common factor of 1 and n?
1
Let d(v) = -v**3 + 4*v**2 + 4*v + 5. Let n be d(5). Suppose n = s - 115 + 40. Calculate the highest common divisor of s and 15.
15
Let d be (5/((-10)/(-12)))/(-2). Let q 